4*g = 3*y + 14. Let w = f - g. Let x(n) = -n**3 + 2*n**2 + 4*n. Give x(w).
3
Let m(c) = c + 1. Let s be m(1). Let h(x) = -4 + 2*x**s + 4*x + 3 + x - 3*x**2. Let q = -3 + 8. Calculate h(q).
-1
Suppose 0 = y - 6*y - 10. Let c(i) be the third derivative of -i**6/120 - i**5/30 + i**4/12 + i**3/6 + i**2. What is c(y)?
-3
Suppose 0 = 4*x - 2*p - 18, -4*p + p - 19 = -2*x. Suppose -3*w = -0*w - 6. Let m(c) = -2*c - 5*c**2 + 4*c**2 + w + 1 + c**3. What is m(x)?
3
Let w(c) be the first derivative of -c**3/3 + 2*c**2 - 2*c - 7. Give w(4).
-2
Let r(t) = -t**3 + t + 25 - 4*t - 43 + 17 + 0*t**3 - 2*t**2. Let w(u) = u**3 + u. Let c(d) = -4*d**3. Let y(z) = -c(z) - w(z). Let m be y(-1). Give r(m).
5
Let g be (-2)/9 + 86/(-18). Let z(d) = -15*d**2 - 14*d - 18. Let o(u) = -13*u**2 - 13*u - 16. Let l(s) = 7*o(s) - 6*z(s). Give l(g).
6
Let j(z) be the first derivative of -z**2/2 + 3*z + 2. Let g be 3*(-8)/6 + 14. Suppose 14*a - g*a - 20 = 0. Give j(a).
-2
Let i(j) = 32 - 37 - 2*j + 2*j - 2*j. Give i(-6).
7
Suppose -12*o = -8*o - 20. Let k(j) = -j**2 + 5*j - 6. Give k(o).
-6
Let p(d) be the first derivative of -3*d**2/2 + 8. What is p(3)?
-9
Let p = -11 + 8. Let b = 1 + 1. Let v(h) = -h + 2*h**b - h**2 + h + h. What is v(p)?
6
Suppose -u + 4 = -1, 0 = 3*j - u + 14. Let x be 0/(1/((-3)/j)). Let h(m) = -m**2 + m + 5. Give h(x).
5
Let w(j) = -3*j - 3*j**2 + 5 - j + 4*j**2. Suppose -3*q + 2*q - 10 = -3*m, -m = -5*q + 20. Determine w(q).
10
Suppose 0*c + c + 3 = l, 2*c - 10 = -2*l. Let q = -4 + 8. Let w(t) = -c + 7 - q - 3 + t. What is w(5)?
4
Let n(l) = 18*l**2 + 4 - 2*l - 36*l**2 - l**3 + 24*l**2. Calculate n(6).
-8
Let k(g) = -g - 3 + 4*g - 2*g. Let i = 23 - 20. Give k(i).
0
Let d(w) be the first derivative of -w**3/3 - w**2/2 - 4. Let f be d(1). Let z be ((4*6)/(-3))/f. Let t(i) = -i**2 + 3*i - 2. What is t(z)?
-6
Let w = -4 - -8. Suppose 0*c = w*c - 20. Suppose 2 = -c*d + 12. Let h(z) = 3*z - 2. What is h(d)?
4
Let v(h) = h + 6. Let b = -7 - -10. Suppose -3*t + b*w + 3 = -0*t, -3*t - 32 = 4*w. What is v(t)?
2
Let t(j) be the third derivative of j**6/60 - j**5/20 + j**3/3 + 11*j**2. Give t(2).
6
Let w = 20 + -10. Let k be 8/(-2 - 1 - -4). Let z = k - w. Let d(u) = u**2 + 4*u + 3. What is d(z)?
-1
Let f(n) be the second derivative of n**2 - 1/20*n**5 - 3*n - 1/6*n**3 + 0 + 1/12*n**4. Calculate f(2).
-4
Let n = 14 + -10. Let r be (-1 - 1)*(-4)/n. Let b(m) be the third derivative of m**4/24 - m**2. Calculate b(r).
2
Let q(a) = 0*a - 3 - 2*a + 3*a**2 - 4*a**2. Let g be (0/(-1))/(6/3). Let r be -3 - (0 + g/(-2)). Calculate q(r).
-6
Let h be 1 + -4 + (7 - -4). Let r = h - 4. Let w(a) = a - 6. Determine w(r).
-2
Let b(t) be the second derivative of -t**8/6720 - t**7/630 + 7*t**6/720 + t**5/20 + t**4/3 + 9*t. Let m(k) be the third derivative of b(k). What is m(-5)?
-4
Let c(s) = -s**2 + 3*s + 1. Let m(k) = -k**3 + 11*k**2 + k - 3. Let v be m(11). Let n be (-1)/(v/3 + -3). What is c(n)?
1
Let r(z) = -z**3 + 2*z**2 - z + 1. Suppose 5*f - 4*f = 10. Let h = -7 + f. Calculate r(h).
-11
Let x = -4 + 0. Let j(z) = 5*z + 7. Let v(s) = s. Let q(d) = x*v(d) + j(d). What is q(-6)?
1
Let h(d) = d. Suppose -j + 8 = 2. Let n be h(j). Let w(l) be the second derivative of l**4/12 - 4*l**3/3 + 3*l**2 + l. What is w(n)?
-6
Let j be (-8)/4 - (-3)/(12/8). Let w(u) = -u**3 + u**2 + u + 10. What is w(j)?
10
Let w(k) = -k. Let x(a) = 6*a + 4. Let s(t) = 5*w(t) + x(t). Let l = 0 + 0. Give s(l).
4
Let z(d) = -6*d**2 - d. Let k be z(-1). Let t be 1/(-2 - -1) - 6. Let p(u) = -2*u + 8. Let f(a) = 3*a - 12. Let v(s) = t*p(s) - 5*f(s). What is v(k)?
9
Let q = -33 + 36. Let p(o) = -o**3 + o**2 + 5*o - 4. Determine p(q).
-7
Let b(x) = -21*x - 20. Let f(c) = 10*c + 10. Let y(a) = 6*b(a) + 11*f(a). Let l(n) = -11*n - 7. Let w(j) = -7*l(j) + 5*y(j). Give w(-1).
2
Let t(q) = q**2 - q. Let m = 30 + -30. Calculate t(m).
0
Let d(n) = 8*n**3 + n**3 - 13*n**3 + 5*n**3 - n + 6*n**2 + 3. Determine d(-6).
9
Let o(x) = -2*x - 6. Let u be o(-6). Let z(h) = -4*h**3 - 12*h**2 + 9*h + 8. Let m(p) = p**3 + p**2 - p. Let n(b) = -5*m(b) - z(b). Calculate n(u).
4
Let n(a) = 19*a**3 - a. Let c be n(1). Suppose -21 = 3*r - 3*y, 2*r = y + 3*y - c. Let p(l) = 4*l + 13*l**2 - 12*l**2 + 5*l**2 + l**3 - 6. Calculate p(r).
-1
Suppose 0*n + n + 5*h = 2, 4*h = 0. Suppose 4 = -n*i + l, 0 = i + i - 5*l + 20. Let f(u) = -u**3 - u**2 + u + 2. Calculate f(i).
2
Let f = 0 + 0. Let r(c) = c**2 + 5. What is r(f)?
5
Suppose 0 = r - 8 + 3. Suppose r*g - 2 = 7*g. Let f(c) = -7*c**2. Give f(g).
-7
Suppose 2*n - 4 = f, -12 = -0*f + 3*f - 5*n. Let t(h) = h**3 + 4*h**2 - h + 5. Determine t(f).
9
Let g(l) = 2*l**2 + l. Let k be (4 - (4 - 1)) + -2 - 1. Give g(k).
6
Let f = -13 - -30. Let x = 13 - f. Let k(w) = 4*w + 1. Determine k(x).
-15
Let h(k) = -k + 10. Let x = 23 + -22. Let p(w) = 6*w**3 + w**2 + w - 1. Let z be p(x). Calculate h(z).
3
Suppose 2 = -3*n - 4. Let x(d) = d**3 + 2*d**2 + 3*d + 3. Give x(n).
-3
Let j(b) = 7*b**2 + b - 3 - 1 - b**3 + 2. Let t be j(7). Let f(l) = -3 + 0*l + 0 - 6*l + l**2. What is f(t)?
-8
Suppose 4*q + r = -3 + 7, -3*r = 3*q - 12. Suppose -4*f = -q*f. Let u(v) = -v**3 + v - 2. What is u(f)?
-2
Let v(q) = 4*q**2 + q + 1. Let f be v(-1). Suppose -4*a + x = -14, 2*a + f = -4*x + 2. Let n(r) = r**3 - 3*r**2 - 3*r + 2. Give n(a).
-7
Suppose -34 - 11 = 3*g. Let w be (-8)/(-6)*g/5. Let z(m) = -m**3 + 5*m - 5. Let d(s) = s**3 - 6*s + 5. Let t(c) = w*d(c) - 5*z(c). Give t(0).
5
Let r(s) = s**2 + 4*s - 4. Let d(g) = -3*g - 12. Let y be d(-8). Suppose -3*x - 3 + y = 0. Suppose -2*p = 5*b + 16, -b - p = 5 - x. What is r(b)?
-4
Let x(l) be the second derivative of -11*l**4/12 + l**2/2 - 2*l. Give x(1).
-10
Let o be (1 + 3)/4*4. Suppose k - 2*x + 3 = 0, -5*x + 6 = -o*k - 0. Let w(d) = 10*d**2 - d + 1. Give w(k).
10
Let k(w) = 6*w - 33. Let o be k(5). Let x(n) = -3*n**2 - 2*n - 3. Calculate x(o).
-24
Suppose b - 5*o + 1 = 0, 2*o = -2*b - 3*o - 17. Let a(r) = r + 8. What is a(b)?
2
Let j(x) = -3*x. Let p be 4/10 + (-324)/(-90). What is j(p)?
-12
Let o(t) = -t**3 - 7*t**2 - 4*t - 2. Suppose -6 = -2*l - 18. Give o(l).
-14
Let y(h) be the third derivative of -h**5/30 + 5*h**4/24 - h**3/2 - 4*h**2. Let f(v) = v**2 - 3*v + 2. Let p(d) = 5*f(d) + 3*y(d). Calculate p(1).
0
Let y(z) = -7*z + 8*z + 0*z**2 - 5*z**2 - 5*z - z**3. Suppose -1 + 37 = 4*b. Let a = 5 - b. Give y(a).
0
Suppose -h - 5*a = -10, 0*a = -4*a + 12. Let y(g) = 7. Let b(q) = 3*q + 4 - 3 - 2*q - 15. Let l(d) = 2*b(d) + 5*y(d). Calculate l(h).
-3
Let t(k) = -k**2 - 3*k + 3. Let h be t(-4). Let o(r) = 3*r**3 - 5 + 2*r + 6 + r**3. Give o(h).
-5
Let w(v) = 2*v + 3*v - 8 + 0*v. Let s(z) = 3*z - 5. Suppose 3*d - 3*b + 24 = 0, 2*d - 12 = 5*d + b. Let u(t) = d*w(t) + 8*s(t). Calculate u(3).
-3
Let i(w) = -7*w**2 - w. Suppose 0 = -0*d + d + 7. Let x = d + 6. What is i(x)?
-6
Let r(v) = -v**2 - 6*v - 5. Let g(u) = -u**2 - 6*u - 5. Let j be g(-6). Let t be r(j). Let n(y) = -y - 2. Give n(t).
-2
Let m = -20 + 28. Let o(r) be the first derivative of 1/4*r**4 - 4*r**2 + 5/3*r**3 + 4 - m*r. What is o(-6)?
4
Let m be (-3)/(0 - 3)*3. Let i(z) = -z - m*z - 5 + 3 + 3*z. Determine i(0).
-2
Suppose -5*i + 12 = -i. Suppose 4*o - 2 = 6*o - 2*f, 0 = -i*o - 2*f + 22. Suppose 4*d = g - 5*g - 28, 0 = o*g + d + 22. Let a(t) = t. Give a(g).
-5
Let z(t) = t**2 - t + 1. Let f = -8 + 13. Suppose -18 = 3*d - 6*d. Let u = d - f. Determine z(u).
1
Let l(c) = -c**3 - 5*c**2 - 3*c + 4. Let k be l(-3). Let b(r) = r**3 + 4*r**2 - 6*r - 5. Give b(k).
0
Suppose 6 = 3*a - 3. Let m(y) = -y**2 + 3*y - 2. What is m(a)?
-2
Let s(i) = -2 - i**3 + 6 - 5 - 1 + 6*i**2. Give s(6).
-2
Suppose 5*n + 0*r = -2*r + 10, -n + 3*r = 15. Let c(g) = 5*g + 19. Let y(k) = -2*k - 9. Let q(o) = 3*c(o) + 7*y(o). What is q(n)?
-6
Let h be (-200)/52 + (-4)/26. Let t(o) = o - 2 - 2*o + 1. Determine t(h).
3
Let k(v) = -v**3 + 3*v**2 + 3*v + 5. Suppose -5*m + 5*s = -45, -2*m + 7*s + 22 = 4*s. Suppose 3*o = -m + 38. Let i = 15 - o. What is k(i)?
1
Let b = -112 + 117. Let k(p) be the first derivative of -p**3/3 + 4*p**2 - 5*p + 1. Determine k(b).
10
Let d(l) = -6*l - 3. Let w be (-3)/((-7)/(-5) - 2). Suppose 2 - 72 = -w*k. Suppose 5*s - 2 = 4*n, 2*n + k = 2*s - 6*s. Determine d(s).
9
Let n(x) = x**2 - 2*x. Let i be 144/42 + (-6)/14. Let r(l) 